) = 4*y + 106. Determine r(-2).
98
Let a(d) = -d**2 - 726*d + 5866. What is a(8)?
-6
Let f(i) = 26*i + 1143. Give f(-63).
-495
Let z(g) = 155*g + 535. Give z(-4).
-85
Let t(d) = 2*d**3 - 56*d**2 + 60*d + 202. Calculate t(27).
364
Let g(k) = -k**3 - k**2 + 3*k - 80. Calculate g(-5).
5
Let v(x) = -74*x + 36. What is v(-5)?
406
Let x(u) = -149*u + 1833. Calculate x(12).
45
Let f(s) = s**3 + 26*s**2 + 24*s + 17. What is f(-25)?
42
Let h(t) = -169*t + 2. Determine h(0).
2
Let j(z) = -2*z**2 - 39*z - 9. What is j(-22)?
-119
Let r(m) = -3*m**2 - 123*m - 1238. Determine r(-19).
16
Let s(f) = f**2 + 74*f + 466. Determine s(-67).
-3
Let t(r) = r**3 - 36*r**2 - 111*r + 82. Calculate t(39).
316
Let m(a) = 46*a - 5599. What is m(123)?
59
Let h(p) = -29*p - 672. Calculate h(-24).
24
Let g(u) = 27*u + 254. Give g(-26).
-448
Let p(t) = 1499*t + 50960. What is p(-34)?
-6
Let k(u) = 46*u - 572. What is k(15)?
118
Let m(d) = d**3 + 22*d**2 - 14*d - 1577. Calculate m(-18).
-29
Let v(q) = 3*q**3 + 33*q**2 - 10*q - 40. Determine v(-12).
-352
Let w(t) = -t**3 - 44*t**2 + 8*t + 374. Determine w(-44).
22
Let h(a) = -1011*a - 7074. Determine h(-7).
3
Let u(f) = -f**3 + 26*f - 56. Determine u(-6).
4
Let h(s) = -25*s - 1984. What is h(-79)?
-9
Let w(q) = -11*q - 64. Give w(6).
-130
Let r(c) = c**2 - 437*c + 9167. Determine r(22).
37
Let b(x) = -10*x**2 + 238*x - 60. What is b(24)?
-108
Let f(o) = 11*o - 93. Determine f(8).
-5
Let j(r) = -r**3 + 8*r**2 - 39*r + 126. Give j(4).
34
Let n(c) = -2*c**2 + 47*c - 2. Determine n(20).
138
Let t(q) = -580*q + 5811. What is t(10)?
11
Let p(w) = 22*w + 318. Determine p(-10).
98
Let g(m) = -3*m**2 - 17*m + 100. What is g(-11)?
-76
Let d(f) = -f**3 + 8*f**2 - 17*f + 56. What is d(6)?
26
Let x(m) = 3*m**3 - 29*m**2 + 42*m. What is x(8)?
16
Let l(h) = 8*h - 163. Give l(9).
-91
Let n(q) = 26*q**2 - 131*q - 9. Determine n(5).
-14
Let q(p) = p**3 + 8*p**2 - 56. Give q(-7).
-7
Let g(m) = -7*m**2 - 46*m - 29. Give g(-7).
-50
Let m(g) = -9*g**2 + 29*g - 9. Calculate m(3).
-3
Let m(d) = 128*d + 2943. Calculate m(-23).
-1
Let a(s) = 89*s + 7857. Give a(-88).
25
Let s(m) = -m**3 - 316*m**2 + 2261*m + 15. What is s(7)?
15
Let k(j) = -4*j**3 + 23*j**2 + 2*j - 12. Calculate k(6).
-36
Let w(f) = -13*f**2 - 18*f + 43. What is w(-5)?
-192
Let o(w) = -w**3 + 49*w**2 - 497*w + 244. Calculate o(35).
-1
Let u(f) = f**2 - 91*f - 13. Calculate u(91).
-13
Let u(o) = -o**3 + 39*o**2 - 344*o + 70. Give u(13).
-8
Let q(a) = a**3 + 26*a**2 + 29*a - 918. What is q(-23)?
2
Let j(z) = -39*z + 18. Determine j(-1).
57
Let f(y) = -196*y + 4711. Give f(24).
7
Let q(a) = 5*a**2 - 22*a + 20. What is q(5)?
35
Let x(q) = q**3 - 47*q**2 - 51*q + 156. What is x(48)?
12
Let a(d) = -d**3 + 13*d**2 - 9*d + 52. What is a(13)?
-65
Let a(j) = j**3 - 43*j**2 + 38*j + 116. Give a(42).
-52
Let h(v) = v**2 - 80*v + 167. Give h(78).
11
Let x(k) = -15*k**3 - 17*k**2 - 11*k - 13. Calculate x(-2).
61
Let n(j) = 61*j - 490. Calculate n(8).
-2
Let w(s) = -40*s**3 - s**2 + 5*s - 3. Give w(1).
-39
Let m(b) = 2*b**3 - 7*b**2 - 4. Determine m(3).
-13
Let w(g) = 115*g - 1227. Give w(11).
38
Let p(w) = -9114*w + 27341. What is p(3)?
-1
Let d(c) = 51*c - 37. Determine d(-6).
-343
Let m(q) = q**2 + 49*q - 342. What is m(-56)?
50
Let m(c) = 91*c + 2241. What is m(-21)?
330
Let m(u) = 33*u - 396. Calculate m(27).
495
Let f(i) = -3*i**2 + 49*i + 2123. What is f(-21)?
-229
Let n(w) = -2*w**3 + 7*w**2 + w + 11. Determine n(5).
-59
Let c(f) = f**3 - 2*f**2 - 136*f - 24. Determine c(-10).
136
Let s(w) = -w**3 - 3*w + 4. Calculate s(6).
-230
Let a(w) = -w**3 + 28*w**2 - 116*w + 7. Calculate a(23).
-16
Let p(z) = z**3 - 23*z**2 - 62*z + 31. Give p(25).
-269
Let s(y) = -7*y - 1106. Determine s(-99).
-413
Let f(k) = k**2 - 27*k - 210. Determine f(-6).
-12
Let q(x) = -x**3 - 7*x**2 - 41*x - 396. Determine q(-8).
-4
Let m(z) = -2*z**3 - 12*z**2 - 13*z - 91. Calculate m(-8).
269
Let t(s) = -s**2 + 34*s + 12471. What is t(-96)?
-9
Let f(z) = -59*z + 341. What is f(6)?
-13
Let z(n) = n**3 - 4*n**2 + 30*n - 124. Determine z(4).
-4
Let f(w) = -w**3 - 56*w**2 - 160*w - 57. Give f(-53).
-4
Let k(r) = -r**2 + 2452*r - 17113. What is k(7)?
2
Let k(c) = 113*c - 698. Give k(8).
206
Let u(v) = -2*v**3 + 9*v**2 - 20*v - 6. Give u(3).
-39
Let j(u) = u**2 + 426*u + 17475. Calculate j(-46).
-5
Let u(z) = 2*z**3 + 3*z**2 - 115*z - 67. Calculate u(-8).
21
Let w(d) = 46*d - 1375. What is w(27)?
-133
Let n(c) = c**3 - 34*c**2 + 111*c - 3756. Give n(34).
18
Let z(n) = -n**3 + 54*n**2 + 62*n - 340. What is z(55)?
45
Let l(m) = -2134*m - 4260. Calculate l(-2).
8
Let y(s) = s**2 - 55*s + 227. Calculate y(40).
-373
Let s(z) = -222*z - 8208. Calculate s(-37).
6
Let c(x) = -1898*x + 79717. Give c(42).
1
Let s(w) = 2*w**2 + 25*w - 19. Calculate s(-15).
56
Let l(z) = -654*z - 1624. Calculate l(-4).
992
Let m(t) = t**3 - 35*t**2 + 284*t + 104. Give m(19).
-276
Let u(n) = n**2 - 4550*n + 18237. Determine u(4).
53
Let q(z) = 125*z - 1073. Calculate q(7).
-198
Let u(j) = -3*j**3 + 11*j**2 - 37*j + 70. Determine u(3).
-23
Let m(b) = -17*b + 13. Determine m(10).
-157
Let t(f) = -19*f**3 - 365*f**2 - 77*f - 42. What is t(-19)?
-23
Let s(a) = 7*a + 184. What is s(-1)?
177
Let q(u) = -5*u + 84. What is q(17)?
-1
Let z(d) = -2*d**3 + 116*d**2 + 123*d - 311. What is z(59)?
-16
Let f(i) = -2*i**3 + 2*i**2 + 30*i - 126. What is f(4)?
-102
Let l(r) = -26*r**3 - 4*r - 5. Give l(-1).
25
Let a(x) = 12*x**2 - 28*x + 18. Calculate a(-4).
322
Let m(k) = -59*k**3 + 3*k**2 - 12*k + 10. Determine m(1).
-58
Let g(w) = -19*w**3 - w**2 - 2. Calculate g(1).
-22
Let v(f) = -2*f**3 + 47*f**2 + 76*f + 26. What is v(25)?
51
Let p(l) = 8*l**3 + 368*l**2 - 2*l - 91. Calculate p(-46).
1
Let s(x) = x**3 - 2*x**2 - 5. Determine s(4).
27
Let l(g) = g**3 - 39*g**2 + 38*g - 92. Calculate l(38).
-92
Let c(t) = -48*t**2 - 11*t + 27. Calculate c(2).
-187
Let o(h) = h**2 - 79*h + 1302. Determine o(24).
-18
Let v(x) = 19*x - 935. What is v(50)?
15
Let u(j) = -j**3 + 27*j**2 + 15*j + 361. Determine u(28).
-3
Let l(t) = 30*t + 2248. Give l(-75).
-2
Let t(a) = a**3 + 14*a**2 + 13*a - 25. Give t(-10).
245
Let b(s) = 17*s**2 - 40*s - 188. Calculate b(-5).
437
Let u(j) = 6*j + 315. Give u(-13).
237
Let d(r) = -5*r**3 + 6*r**2 - 8*r - 10. Give d(-1).
9
Let c(u) = u**3 - 11*u**2 - 44*u + 19. Give c(14).
-9
Let u(n) = 3*n**3 + 46*n**2 - 28*n - 654. Calculate u(-15).
-9
Let l(r) = -r**3 - 17*r**2 - 32*r - 17. Give l(-14).
-157
Let r(p) = -5*p**2 - 33*p. Calculate r(-6).
18
Let b(k) = -k**3 - 22*k**2 + 106*k + 10. What is b(7)?
-669
Let b(h) = 64*h + 103. Calculate b(-3).
-89
Let t(j) = 12*j**2 - 115*j - 189. Give t(11).
-2
Let b(t) = -t**2 + 788*t - 30630. Give b(41).
-3
Let t(x) = 4*x**3 + 29*x - 127. Determine t(0).
-127
Let f(q) = 2*q**3 + 18*q**2 + 18*q - 101. Calculate f(-6).
7
Let s(x) = 50*x**2 + 84*x + 28. Give s(-1).
-6
Let p(a) = 39*a + 10298. What is p(-264)?
2
Let a(u) = 6*u + 190. What is a(0)?
190
Let b(o) = o**3 - 32*o**2 + 42*o + 83. Determine b(31).
424
Let k(o) = o**3 + 26*o**2 - 53*o + 84. Give k(-28).
0
Let v(p) = -33*p**2 - 70*p - 205. Calculate v(-3).
-292
Let x(c) = c**3 - 23*c**2 + 127*c + 15. Calculate x(8).
71
Let h(i) = -i**3 + 49*i**2 + 136*i + 1031. Determine h(52).
-9
Let k(n) = n**3 + 98*n**2 + 77*n - 1931. What is k(-97)?
9
Let l(k) = 9*k - 430. Give l(49).
11
Let m(n) = -2409*n - 4816. Calculate m(-2).
2
Let z(r) = r**2 + r - 43. What is z(-9)?
29
Let m(u) = -u**3 + 92*u**2 + 187*u + 159. What is m(94)?
65
Let v(m) = 2*m**2 + 19*m + 10. What is v(-9)?
1
Let d(j) = 516*j**3 + 5*j**2 - 4*j - 1. Calculate d(1).
516
Let p(s) = s**3 + 25*s**2 + 96*s - 18. Calculate p(-5).
2
Let m(f) = 100*f - 5492. Calculate m(55).
8
Let o(t) = 3*t**3 - 3*t**2 + 18*t + 69. Give o(-3).
-93
Let z(l) = 20*l - 19. Give z(1).
1
Let b(x) = x**3 + 36*x**2 - 114*x + 164. Calculate b(-39).
47
Let c(g) = -114*g - 10934. Determine c(-96).
10
Let i(s) = s**2 - 156*s - 1454. Calculate i(165).
31
Let b(d) = 35*d + 736. What is b(-21)?
1
Let z(s) = 46*s + 4691. What is z(-102)?
-1
Let r(w) = 197*w + 51. Calculate r(1).
248
Let d(f) = -53*f + 1065. Calculate d(15).
270
Let m(c) = -6*c + 35. What is m(-10)?
95
Let y(p) = -9960*p + 9950. Calculate y(1).
-10
Let j(z) = -10*z**2 - 171*z - 19. Giv